 - 23*u + 21. Give l(1).
911
Let l(n) = -4*n**2 + 99*n - 395. Determine l(9).
172
Let f(s) = 15*s**2 - 5541*s - 216171. Calculate f(405).
99
Let d(s) = 150*s**2 + 300*s + 596. Calculate d(-2).
596
Let d(y) = 22*y**3 - 102*y**2 - 57*y + 80. Determine d(5).
-5
Let s(n) = -388*n - 21365. Calculate s(-55).
-25
Let y(t) = 8*t**2 + 71*t - 78841. What is y(95)?
104
Let t(i) = i**3 - 84*i**2 + 250*i - 744. Give t(81).
-177
Let s(v) = -44*v**2 - 3073*v - 52973. Give s(-31).
6
Let y(t) = t**3 + 11*t**2 - 492*t - 599. Calculate y(-28).
-151
Let j(q) = 8279*q - 439. Give j(0).
-439
Let l(y) = -208*y - 5586. Give l(-27).
30
Let x(z) = 689*z - 83286. What is x(121)?
83
Let b(l) = 2488*l + 149339. What is b(-60)?
59
Let m(n) = -n**3 - 7*n**2 - 169*n + 2720. Give m(9).
-97
Let u(z) = 148*z - 1804. Determine u(7).
-768
Let z(w) = -w**2 - 88*w - 432. Give z(-50).
1468
Let n(q) = -23805*q + 690329. What is n(29)?
-16
Let k(f) = 8*f**3 + 187*f**2 - 328*f + 22. What is k(-25)?
97
Let w(t) = -1996*t + 16721. Determine w(10).
-3239
Let f(z) = -z**2 - 29*z + 39542. Calculate f(-214).
-48
Let h(u) = 3*u**2 - 694*u + 15013. Calculate h(207).
-98
Let x(f) = 5*f**3 - 48*f**2 - 310*f + 2882. Calculate x(9).
-151
Let x(i) = 53*i**2 - 42*i - 296. Calculate x(4).
384
Let u(s) = -2*s**3 + 769*s**2 - 1157*s + 3131. Determine u(383).
67
Let s(z) = 5647*z - 76956. Determine s(14).
2102
Let i(f) = f**2 + 26152*f + 183001. What is i(-7)?
-14
Let o(c) = 3*c**2 + 1397*c + 46030. What is o(-430)?
20
Let n(i) = 30*i**2 + 114*i - 11. Determine n(-4).
13
Let w(y) = -115*y - 8988. What is w(-83)?
557
Let b(u) = 20709*u + 82807. Give b(-4).
-29
Let j(l) = 3*l**2 + 33*l - 502. Determine j(-19).
-46
Let t(b) = -69424*b - 4443141. Calculate t(-64).
-5
Let u(w) = -w**3 + w**2 + 89*w + 45. Give u(13).
-826
Let f(y) = -y**3 + 37*y**2 + 539*y - 637. Determine f(-12).
-49
Let x(y) = -26482*y + 131991. Calculate x(5).
-419
Let k(s) = -41*s + 2158. Give k(56).
-138
Let x(a) = -17355*a + 1041421. Give x(60).
121
Let z(a) = 44*a**2 + 2409*a - 82. Give z(-55).
523
Let t(m) = 6*m**3 + 51*m**2 + 83*m - 156. Give t(-3).
-108
Let m(n) = n**3 - 7*n**2 - 229*n + 1660. Give m(7).
57
Let d(s) = 54437*s - 1034306. Determine d(19).
-3
Let h(k) = 184*k**2 + 157*k - 11. Determine h(-1).
16
Let i(p) = 3*p**2 - 1252*p + 11222. Give i(9).
197
Let s(o) = -o**3 + 46*o**2 + 184*o + 900. Calculate s(50).
100
Let a(y) = -420*y**2 - 2954*y - 98. What is a(-7)?
0
Let y(h) = 554*h**2 - 1916*h + 15. Give y(4).
1215
Let l(m) = 4*m**3 - 4*m**2 - 181*m - 94. Determine l(8).
250
Let k(r) = -8006*r + 256089. Give k(32).
-103
Let j(a) = -a**2 - 4943*a + 300180. Determine j(60).
0
Let v(w) = -3*w**3 - 3*w**2 - 1842*w - 5598. Calculate v(-3).
-18
Let o(j) = -3*j - 1461. Calculate o(-57).
-1290
Let q(j) = -j**3 + 64*j**2 + 158*j + 24081. Calculate q(71).
12
Let x(q) = -84056*q + 1092913. What is x(13)?
185
Let m(w) = -5095*w + 310803. Determine m(61).
8
Let v(z) = -z**3 - 11*z**2 - 7964*z - 79840. Calculate v(-10).
-300
Let v(r) = -151*r - 2904. What is v(-21)?
267
Let p(r) = 12*r**2 + 1528*r - 45709. Give p(25).
-9
Let d(w) = -27*w**2 + 1103*w - 1952. Calculate d(39).
-2
Let z(p) = -360826*p - 5051558. Calculate z(-14).
6
Let d(u) = -11897*u + 47571. Calculate d(4).
-17
Let n(k) = -11479*k - 160768. Calculate n(-14).
-62
Let l(i) = 14739*i - 19072270. Give l(1294).
-4
Let f(n) = 137*n**3 + 5*n**2 + 1. Determine f(2).
1117
Let i(x) = -x**3 - 91*x**2 - 847*x + 2719. Give i(-80).
79
Let n(p) = 3*p**3 - 3*p**2 + 562*p + 6341. Determine n(-11).
-4197
Let q(r) = -4*r**2 + 2214*r + 17645. Calculate q(-8).
-323
Let a(s) = -s**3 - 189*s**2 - 7860*s + 876. Determine a(-62).
8
Let p(v) = 89*v + 3220. What is p(-36)?
16
Let j(h) = -3107*h - 260960. Give j(-84).
28
Let q(z) = -4020*z - 3497398. Determine q(-870).
2
Let z(a) = -a**3 + 23*a**2 - a - 12. Give z(17).
1705
Let o(a) = -35*a + 6219. Calculate o(176).
59
Let w(y) = 4*y**3 + 50*y**2 - 332*y - 89. Determine w(5).
1
Let t(g) = 10*g**3 + 39*g**2 - 1185*g - 16. Give t(-13).
10
Let r(a) = 8*a**2 + 1268*a + 2501. Determine r(-2).
-3
Let q(d) = 2*d**3 + 142*d**2 - 1789*d + 1617. Determine q(-82).
387
Let n(o) = 3*o**2 + 57*o - 116. What is n(2)?
10
Let g(u) = 331*u**2 + 30446*u - 435. What is g(-92)?
117
Let b(z) = z**2 - 118*z + 3180. What is b(76)?
-12
Let f(q) = -38418*q - 16058730. What is f(-418)?
-6
Let f(j) = 13063*j + 13064. Calculate f(-1).
1
Let c(w) = 4*w**3 + 17*w**2 + 3813*w + 15227. Determine c(-4).
-9
Let k(y) = -y**3 - 60*y**2 - 280*y - 127. Calculate k(-54).
-2503
Let z(l) = -26*l**2 + 11284*l + 103661. Calculate z(-9).
-1
Let n(f) = 43809*f + 47226096. What is n(-1078)?
-6
Let a(f) = -1073*f**2 - 854*f + 1704. What is a(2)?
-4296
Let r(g) = -23*g**3 + 5845*g**2 - 750*g - 3052. Give r(254).
-4
Let t(a) = -13*a**3 - 40*a**2 - 64*a - 154. Determine t(-3).
29
Let p(v) = -v**2 + 150*v - 4764. Give p(46).
20
Let w(c) = -274*c**2 - 11249*c - 40618. Determine w(-4).
-6
Let f(b) = b**3 + 761*b**2 - 12433*b - 48. Calculate f(16).
-64
Let h(q) = -719*q + 58841. Give h(79).
2040
Let o(l) = -35*l**2 - 9592*l - 28490. Determine o(-3).
-29
Let f(y) = -19*y**3 - 1844*y**2 - 136*y - 1887. Determine f(-97).
1896
Let j(q) = q**3 + 10*q**2 - 162*q - 1300. What is j(-7)?
-19
Let s(a) = a**2 - 288*a + 20688. Give s(151).
1
Let o(r) = -r**2 + 410*r + 9433. Give o(-21).
382
Let b(i) = 19531*i - 839839. Calculate b(43).
-6
Let b(f) = -f**2 + 6173*f + 92819. Calculate b(-15).
-1
Let l(c) = -210*c**3 + 4*c**2 + 352*c - 725. Determine l(2).
-1685
Let n(a) = 1504*a + 3899. Give n(-3).
-613
Let u(i) = -i**2 - 416*i - 18124. What is u(-49)?
-141
Let x(r) = -r**2 - 132460*r + 529859. What is x(4)?
3
Let o(h) = 34399*h - 1788689. Calculate o(52).
59
Let j(k) = -k**3 - 5*k - 69. What is j(8)?
-621
Let v(u) = -u**2 + 1448*u + 27700. Give v(-19).
-173
Let h(i) = -2*i + 2025. What is h(122)?
1781
Let v(m) = 293932*m - 4996843. Give v(17).
1
Let n(r) = -51*r**2 + 73*r + 2271. What is n(-6)?
-3
Let d(y) = -2*y**3 + 37*y**2 + 735*y + 24. What is d(-12)?
-12
Let u(n) = -n**3 - 70*n**2 - 494*n + 385. Calculate u(-62).
261
Let i(f) = 29617*f - 621954. What is i(21)?
3
Let a(v) = -7*v**2 - 3004*v - 224110. Calculate a(-333).
-1
Let x(q) = 2145*q + 8526. Determine x(-4).
-54
Let s(w) = -25*w + 4114. Calculate s(166).
-36
Let k(v) = -1068737*v - 1. Calculate k(0).
-1
Let r(k) = 3*k**3 - 1202*k**2 - 408*k + 2704. Calculate r(401).
-103
Let q(u) = u**3 + 6*u**2 - 181*u + 629. Determine q(-18).
-1
Let q(y) = y**3 + 161*y**2 + 1948*y + 321. Calculate q(-13).
9
Let h(b) = 21*b**3 + 4*b**2 + 67*b - 354. Give h(5).
2706
Let h(a) = -26*a**2 + 2291*a - 25379. Give h(13).
10
Let y(l) = 60*l + 21116. Calculate y(-350).
116
Let q(n) = -85*n**2 + 2390*n - 9552. Calculate q(4).
-1352
Let r(t) = -15258*t - 60936. Calculate r(-4).
96
Let o(d) = 5366*d + 53662. Give o(-10).
2
Let v(a) = 2*a**2 + 2*a - 13116. Give v(-80).
-476
Let n(v) = 311*v + 1980. What is n(-5)?
425
Let o(j) = -24*j**2 + 2832*j - 211. What is o(118)?
-211
Let w(b) = -402*b - 11317. Give w(-28).
-61
Let s(p) = -10909*p - 163607. Calculate s(-15).
28
Let r(n) = 2*n**3 - 47*n**2 - 165*n + 3378. Calculate r(24).
-6
Let l(x) = -6*x**3 + 136*x**2 + 6289*x - 76. Determine l(-23).
223
Let i(x) = -5293*x + 1132658. Determine i(214).
-44
Let z(s) = 4*s**3 + 294*s**2 - 135*s + 892. What is z(-74)?
-70
Let d(k) = 2378*k**2 - 2329*k - 50. What is d(1)?
-1
Let g(y) = -714*y + 49968. What is g(70)?
-12
Let k(d) = -2*d**3 + 219*d**2 - 84*d - 2797. Determine k(109).
-72
Let q(z) = -44*z**2 + 1015*z + 66. Give q(23).
135
Let x(h) = h**3 - 80*h**2 + 95*h - 1268. Give x(79).
-4
Let w(j) = -31*j**2 - 7610*j + 11581. Determine w(-247).
-28
Let s(h) = -1136*h + 3288. Determine s(3).
-120
Let j(b) = 152*b - 9728. Determine j(59).
-760
Let w(a) = -36967*a - 110870. Determine w(-3).
31
Let t(x) = -210*x**2 + 380*x + 27. Determine t(3).
-723
Let s(z) = 49*z**2 - 664*z - 269. Determine s(14).
39
Let i(w) = 8*w**2 - 18897*w - 208831. Calculate i(-11).
4
Let r(j) = -3*j**3 - 3*j**2 + 54*j. Determine r(-6).
216
Let s(d) = 16159*d + 969487. Give s(-60).
-53
Let s(t) = -1068*t + 2397. What is s(2)?
261
Let d(j) = 2*j**3 + 31*j**2 - 2774*j - 46542. Determine d(-17).
-251
Let s(o) = -o**2 + 6*o + 2